{"id":29,"date":"2018-09-06T17:50:02","date_gmt":"2018-09-06T15:50:02","guid":{"rendered":"http:\/\/forum-weesen.ch\/?page_id=29"},"modified":"2026-01-09T14:38:47","modified_gmt":"2026-01-09T14:38:47","slug":"repair-cafe","status":"publish","type":"page","link":"http:\/\/forum-weesen.ch\/?page_id=29","title":{"rendered":"Repair Caf\u00e9 mit Bring- und Hol-Aktion"},"content":{"rendered":"<p><strong>Samstag, 25. April 2026<\/strong><br \/>\nvon 8:30 bis 11:30 Uhr im Entsorgungspark Weesen<\/p>\n<p>Im REPAIR-CAF\u00c9 reparieren Sie mit Hilfe von \u00abProfis\u00bb kostenlos Ihre Lieblingsobjekte wie Velos, Haushaltger\u00e4te, Textilien, mechanische oder elektrische Apparate\u2026<\/p>\n<p>Zus\u00e4tzlich bieten wir mit der Bring- und Hol-Aktion die M\u00f6glichkeit, funktionst\u00fcchtige Dinge abzugeben, respektive abzuholen. Stehen auch bei Ihnen Dinge rum, die Sie nicht mehr brauchen, jemand anders sich daran aber freuen w\u00fcrde? Bringen Sie es vorbei, so einfach leisten Sie einen Beitrag f\u00fcr unsere Umwelt!<\/p>\n<p>Es werden nur brauchbare Artikel angenommen (kein Sperrgut\/ Abfall und keine defekten Ger\u00e4te).<\/p>\n<p>Der Gemeinderat unterst\u00fctzt dieses Projekt und wird f\u00fcr einen Austausch von 10.00 Uhr bis 11.30 Uhr f\u00fcr Sie da sein.<\/p>\n","protected":false},"excerpt":{"rendered":"<p>Samstag, 25. April 2026 von 8:30 bis 11:30 Uhr im Entsorgungspark Weesen Im REPAIR-CAF\u00c9 reparieren Sie mit Hilfe von \u00abProfis\u00bb kostenlos Ihre Lieblingsobjekte wie Velos, Haushaltger\u00e4te, Textilien, mechanische oder elektrische Apparate\u2026 Zus\u00e4tzlich bieten wir mit der Bring- und Hol-Aktion die M\u00f6glichkeit, funktionst\u00fcchtige Dinge abzugeben, respektive abzuholen. Stehen auch bei Ihnen Dinge rum, die Sie nicht &hellip; <\/p>\n<p class=\"link-more\"><a href=\"http:\/\/forum-weesen.ch\/?page_id=29\" class=\"more-link\"><span class=\"screen-reader-text\">\u201eRepair Caf\u00e9 mit Bring- und Hol-Aktion\u201c<\/span> weiterlesen<\/a><\/p>\n","protected":false},"author":1,"featured_media":0,"parent":0,"menu_order":0,"comment_status":"closed","ping_status":"closed","template":"","meta":{"footnotes":""},"_links":{"self":[{"href":"http:\/\/forum-weesen.ch\/index.php?rest_route=\/wp\/v2\/pages\/29"}],"collection":[{"href":"http:\/\/forum-weesen.ch\/index.php?rest_route=\/wp\/v2\/pages"}],"about":[{"href":"http:\/\/forum-weesen.ch\/index.php?rest_route=\/wp\/v2\/types\/page"}],"author":[{"embeddable":true,"href":"http:\/\/forum-weesen.ch\/index.php?rest_route=\/wp\/v2\/users\/1"}],"replies":[{"embeddable":true,"href":"http:\/\/forum-weesen.ch\/index.php?rest_route=%2Fwp%2Fv2%2Fcomments&post=29"}],"version-history":[{"count":12,"href":"http:\/\/forum-weesen.ch\/index.php?rest_route=\/wp\/v2\/pages\/29\/revisions"}],"predecessor-version":[{"id":185,"href":"http:\/\/forum-weesen.ch\/index.php?rest_route=\/wp\/v2\/pages\/29\/revisions\/185"}],"wp:attachment":[{"href":"http:\/\/forum-weesen.ch\/index.php?rest_route=%2Fwp%2Fv2%2Fmedia&parent=29"}],"curies":[{"name":"wp","href":"https:\/\/api.w.org\/{rel}","templated":true}]}}